84?
False
Does 133 divide 111254101?
True
Is 338382630 a multiple of 1795?
True
Does 627 divide 32084844?
True
Is 641324 a multiple of 8?
False
Does 15 divide 36634155?
True
Does 1021 divide 43095389?
True
Is 13139 a factor of 8000887639?
False
Does 37 divide 31884422?
False
Is 340 a factor of 96636840?
True
Is 91797600 a multiple of 8?
True
Does 36 divide 93361428?
True
Does 217 divide 478983?
False
Is 1134 a factor of 472115054?
False
Is 1666277378 a multiple of 20?
False
Is 5028651 a multiple of 3?
True
Is 285258125 a multiple of 31?
True
Does 149 divide 4712709?
False
Is 39 a factor of 509262?
True
Is 408 a factor of 35679192?
True
Does 2 divide 37058383?
False
Is 18052580 a multiple of 436?
True
Does 15 divide 331028310?
True
Does 119 divide 4570671?
True
Is 22 a factor of 30025732?
True
Does 62 divide 80040998?
False
Is 152 a factor of 32229162?
False
Does 9 divide 12101130?
True
Is 86 a factor of 40708874?
True
Is 322 a factor of 46467498?
True
Does 24 divide 112561677?
False
Is 26779815 a multiple of 93?
True
Is 449 a factor of 55773180?
False
Does 18 divide 87623622?
True
Does 62 divide 310702081?
False
Does 1077 divide 14976762?
True
Is 663 a factor of 33779850?
True
Is 516 a factor of 115182447?
False
Is 4905 a factor of 94086685?
False
Does 66 divide 533083809?
False
Is 1362 a factor of 38772054?
True
Is 22635927 a multiple of 109?
False
Is 30 a factor of 420500880?
True
Is 37564840 a multiple of 40?
True
Does 6 divide 16034711?
False
Does 8318 divide 367673068?
False
Is 54 a factor of 3382168?
False
Does 970 divide 2662271700?
True
Is 1375 a factor of 496357125?
True
Is 221157796 a multiple of 509?
False
Is 17 a factor of 24881473?
False
Does 5 divide 83108575?
True
Does 101 divide 7751245?
True
Is 45454240 a multiple of 65?
True
Is 769629980 a multiple of 659?
False
Does 44 divide 685341316?
True
Does 43 divide 3140362283?
True
Does 1000 divide 14799000?
True
Is 182267975 a multiple of 41?
False
Is 216560428 a multiple of 512?
False
Is 1032 a factor of 128363256?
True
Is 5052875 a multiple of 49?
False
Is 504043342 a multiple of 71?
True
Is 608855076 a multiple of 513?
True
Does 38 divide 38409520?
False
Does 59 divide 815333?
False
Is 16 a factor of 2154221920?
True
Does 10 divide 14830930?
True
Is 29 a factor of 34092371?
True
Is 1062636805 a multiple of 706?
False
Does 22 divide 7830929?
False
Is 112155370 a multiple of 787?
True
Is 9258832 a multiple of 44?
True
Is 2049648 a multiple of 1222?
False
Is 1923 a factor of 187653073?
False
Is 852 a factor of 10496640?
True
Is 327 a factor of 119587706?
False
Is 187584380 a multiple of 106?
False
Is 28880438 a multiple of 209?
False
Does 394 divide 23181384?
True
Is 5458119867 a multiple of 1233?
True
Is 2026332 a multiple of 44?
True
Does 5 divide 21733465?
True
Is 56131512 a multiple of 1308?
True
Is 80632720 a multiple of 560?
True
Is 3 a factor of 137381413?
False
Does 21 divide 1847847393?
True
Is 38 a factor of 14191455?
False
Is 624677834 a multiple of 134?
False
Does 13 divide 1189371489?
False
Is 119948319 a multiple of 11?
False
Does 560 divide 80520160?
True
Is 529700747 a multiple of 532?
False
Is 39 a factor of 768796392?
True
Is 13 a factor of 115595264?
False
Is 133164494 a multiple of 20?
False
Is 57309687 a multiple of 844?
False
Is 805 a factor of 9065105?
True
Is 4960455 a multiple of 17?
False
Is 15 a factor of 165461153?
False
Is 11081755 a multiple of 9?
False
Is 888026658 a multiple of 1179?
False
Is 14614158 a multiple of 39?
True
Is 20 a factor of 39930414?
False
Is 459 a factor of 467743491?
True
Is 12 a factor of 10936632?
True
Is 56049445 a multiple of 20?
False
Does 2 divide 6640928?
True
Is 72916212 a multiple of 82?
False
Does 123 divide 113825293?
False
Is 24150096 a multiple of 18?
True
Is 373794657 a multiple of 123?
False
Is 253 a factor of 87527627?
True
Does 573 divide 27475165?
False
Does 17 divide 640956542?
True
Is 1161654 a multiple of 334?
False
Is 13387 a factor of 2290209236?
False
Does 8 divide 34789656?
True
Is 1522291103 a multiple of 2781?
False
Is 395 a factor of 2143278474?
False
Is 54 a factor of 17575758?
True
Does 12 divide 72897947?
False
Is 9091204 a multiple of 16?
False
Is 103493052 a multiple of 54?
True
Does 453 divide 124902972?
True
Is 195950332 a multiple of 7?
False
Does 371 divide 310770747?
True
Does 27 divide 50981481?
True
Does 3782 divide 6548862171?
False
Does 256 divide 8194560?
True
Is 488232558 a multiple of 33?
True
Is 46398017 a multiple of 27?
False
Does 510 divide 202006820?
False
Does 135 divide 109178820?
True
Does 1469 divide 115921728?
True
Does 73 divide 105043131?
True
Does 8 divide 2107471165?
False
Is 814088784 a multiple of 9104?
True
Is 5564515 a multiple of 5?
True
Is 1991 a factor of 647849601?
False
Does 1016 divide 161233104?
True
Is 311 a factor of 46431231?
False
Is 573160951 a multiple of 350?
False
Is 17212 a factor of 6801390648?
True
Is 391 a factor of 55718652?
False
Is 8 a factor of 21004616?
True
Is 25953912 a multiple of 77?
False
Is 334 a factor of 55760966?
True
Is 47 a factor of 81466792?
True
Is 30 a factor of 73728130?
False
Is 349604046 a multiple of 814?
True
Is 7819545039 a multiple of 314?
False
Does 188 divide 95640197?
False
Does 63 divide 85782302?
False
Does 4613 divide 131913663?
False
Is 38 a factor of 54642214?
True
Is 54 a factor of 331931544?
False
Is 69 a factor of 68496024?
True
Is 70 a factor of 14394586?
False
Is 19 a factor of 14769517?
True
Does 117 divide 28471592?
False
Does 3 divide 129764?
False
Does 18 divide 1691797302?
True
Is 143 a factor of 16253506?
False
Is 89953956 a multiple of 2993?
False
Does 2480 divide 340628749?
False
Is 268 a factor of 766165100?
True
Does 975 divide 33644382?
False
Is 900 a factor of 251929800?
True
Is 851 a factor of 10078293?
False
Does 111 divide 26338605?
False
Is 85805022 a multiple of 807?
False
Does 19 divide 545792784?
True
Is 17 a factor of 780568243?
True
Is 4745190 a multiple of 15?
True
Is 45013277 a multiple of 1909?
False
Does 402 divide 1502990815?
False
Does 5331 divide 517709403?
True
Is 93570307 a multiple of 48?
False
Is 128533709 a multiple of 16?
False
Is 1751072162 a multiple of 2336?
False
Is 28 a factor of 343508?
False
Does 28 divide 843295690?
False
Is 1046969645 a multiple of 2435?
True
Is 3 a factor of 302448369?
True
Is 60626847 a multiple of 137?
False
Does 17 divide 93105073?
True
Is 634056014 a multiple of 2998?
True
Is 2030 a factor of 67079320?
True
Is 138987990 a multiple of 3?
True
Is 87867330 a multiple of 9?
False
Is 215644679 a multiple of 673?
True
Is 130 a factor of 1795966772?
False
Does 10 divide 26294640?
True
Is 25 a factor of 98125525?
True
Is 2660493712 a multiple of 1505?
False
Is 12 a factor of 19407168?
True
Does 32 divide 808909920?
True
Is 3 a factor of 2023444?
False
Does 4918 divide 281265338?
True
Does 97 divide 101192631?
True
Is 235844340 a multiple of 285?
True
Is 274 a factor of 746294?
False
Does 72 divide 326906952?
False
Is 234 a factor of 2370719226?
False
Does 94 divide 242684415?
False
Does 44 divide 218034960?
True
Is 3594 a factor of 15261168?
False
Is 558 a factor of 728272159?
False
Is 579 a factor of 192642564?
True
Is 334252332 a multiple of 76?
True
Is 145 a factor of 37521920?
False
Does 1403 divide 230787888?
True
Is 34247258 a multiple of 1154?
True
Is 539 a factor of 70823138?
False
Is 1456 a factor of 728700336?
True
Is 53 a factor of 650381974?
True
Is 206973784 a multiple of 60?
False
Is 28569362 a multiple of 852?
False
Is 658371053 a multiple of 48?
False
Does 272 divide 71042864?
True
Does 3900 divide 243150500?
False
Is 1833318 a multiple of 9?
True
Is 519928665 a multiple of 102?
False
Does 54 divide 251795000?
False
Does 251 divide 345138303?
True
Is 141867555 a multiple of 3?
True
Is 81 a factor of 31808998?
False
Does 9 divide 131324895?
True
Does 643 divide 236407309?
True
Is 93 a factor of 399337292?
False
Is 1382 a factor of 197523351?
False
Is 67 a factor of 125504523?
False
Does 442 divide 46306572?
True
Is 2475412043 a multiple of 40?
False
Is 5269861 a multiple of 1639?
False
Is 44935752 a multiple of 5?
False
Is 5971341 a multiple of 3?
True
Is 14026378 a multiple of 562?
False
Does 5 divide 12752536?
False
Is 14 a factor of 